{"id":6906,"date":"2019-10-23T12:41:05","date_gmt":"2019-10-23T12:41:05","guid":{"rendered":"https:\/\/blockkhoury.com\/khoury\/product\/professional-high-transit-thin-set-mortar-copy\/"},"modified":"2020-02-04T21:52:38","modified_gmt":"2020-02-04T21:52:38","slug":"mortero-para-porcelana-loseta-y-gres","status":"publish","type":"product","link":"https:\/\/www.blockkhoury.com\/khoury\/product\/mortero-para-porcelana-loseta-y-gres\/","title":{"rendered":"Mortero para Porcelana, Loseta y Gres"},"content":{"rendered":"<div class=\"vc_row wpb_row vc_row-fluid mkdf-row-light-btt-skin\" ><div class=\"wpb_column vc_column_container vc_col-sm-6\"><div class=\"vc_column-inner\"><div class=\"wpb_wrapper\">\n\t<div class=\"wpb_text_column wpb_content_element \" >\n\t\t<div class=\"wpb_wrapper\">\n\t\t\t<p>Es una mezcla adhesiva para la fijaci\u00f3n y colocaci\u00f3n de cer\u00e1micas y gres en interior y exterior, formulada a partir de cementantes hidr\u00e1ulicos de base gris, agregados de granulometr\u00eda balanceada, aditivos y resinas con caracter\u00edsticas t\u00e9cnicamente controladas de adherencia, retenci\u00f3n de agua, fluidez y trabajabilidad. Tambi\u00e9n disponible con propiedades hidr\u00f3fugas.<\/p>\n\n\t\t<\/div>\n\t<\/div>\n<div class=\"vc_empty_space\"   style=\"height: 32px\"><span class=\"vc_empty_space_inner\"><\/span><\/div><div class=\"vc_separator wpb_content_element vc_separator_align_center vc_sep_width_100 vc_sep_pos_align_center vc_separator_no_text vc_sep_color_grey\" ><span class=\"vc_sep_holder vc_sep_holder_l\"><span  class=\"vc_sep_line\"><\/span><\/span><span class=\"vc_sep_holder vc_sep_holder_r\"><span  class=\"vc_sep_line\"><\/span><\/span>\n<\/div><div class=\"vc_empty_space\"   style=\"height: 32px\"><span class=\"vc_empty_space_inner\"><\/span><\/div>\n\t<div class=\"wpb_text_column wpb_content_element \" >\n\t\t<div class=\"wpb_wrapper\">\n\t\t\t<h4><strong>Especificaciones:<\/strong><\/h4>\n<p><img loading=\"lazy\" class=\"alignnone size-full wp-image-6908\" src=\"https:\/\/blockkhoury.com\/khoury\/wp-content\/uploads\/2019\/10\/khoury_procelana_cuadro.jpg\" alt=\"\" width=\"1742\" height=\"1058\" srcset=\"https:\/\/www.blockkhoury.com\/khoury\/wp-content\/uploads\/2019\/10\/khoury_procelana_cuadro.jpg 1742w, https:\/\/www.blockkhoury.com\/khoury\/wp-content\/uploads\/2019\/10\/khoury_procelana_cuadro-600x364.jpg 600w, https:\/\/www.blockkhoury.com\/khoury\/wp-content\/uploads\/2019\/10\/khoury_procelana_cuadro-300x182.jpg 300w, https:\/\/www.blockkhoury.com\/khoury\/wp-content\/uploads\/2019\/10\/khoury_procelana_cuadro-768x466.jpg 768w, https:\/\/www.blockkhoury.com\/khoury\/wp-content\/uploads\/2019\/10\/khoury_procelana_cuadro-1024x622.jpg 1024w\" sizes=\"(max-width: 1742px) 100vw, 1742px\" \/><\/p>\n\n\t\t<\/div>\n\t<\/div>\n<div class=\"vc_empty_space\"   style=\"height: 32px\"><span class=\"vc_empty_space_inner\"><\/span><\/div><div class=\"vc_separator wpb_content_element vc_separator_align_center vc_sep_width_100 vc_sep_pos_align_center vc_separator_no_text vc_sep_color_grey\" ><span class=\"vc_sep_holder vc_sep_holder_l\"><span  class=\"vc_sep_line\"><\/span><\/span><span class=\"vc_sep_holder vc_sep_holder_r\"><span  class=\"vc_sep_line\"><\/span><\/span>\n<\/div><div class=\"vc_empty_space\"   style=\"height: 32px\"><span class=\"vc_empty_space_inner\"><\/span><\/div><\/div><\/div><\/div><div class=\"wpb_column vc_column_container vc_col-sm-6\"><div class=\"vc_column-inner\"><div class=\"wpb_wrapper\"><\/div><\/div><\/div><\/div>\n","protected":false},"excerpt":{"rendered":"<p>Es una mezcla adhesiva para la fijaci\u00f3n y colocaci\u00f3n de cer\u00e1micas y gres en interior y exterior, formulada a partir de cementantes hidr\u00e1ulicos de base gris.<\/p>\n[mkdf_button size=\"small\" type=\"\" text=\"Descargar Ficha T\u00e9cnica\" custom_class=\"\" icon_pack=\"font_awesome\" fa_icon=\"\" link=\"https:\/\/blockkhoury.com\/khoury\/wp-content\/uploads\/2019\/12\/Porcelain-Tile-and-Stoneware-Thin-Set-Mortar.pdf\" target=\"_blank\" color=\"\" hover_color=\"\" background_color=\"\" hover_background_color=\"\" border_color=\"\" hover_border_color=\"\" font_size=\"\" font_weight=\"\" margin=\"\"]\n","protected":false},"featured_media":6904,"template":"","meta":[],"product_cat":[183],"product_tag":[],"_links":{"self":[{"href":"https:\/\/www.blockkhoury.com\/khoury\/wp-json\/wp\/v2\/product\/6906"}],"collection":[{"href":"https:\/\/www.blockkhoury.com\/khoury\/wp-json\/wp\/v2\/product"}],"about":[{"href":"https:\/\/www.blockkhoury.com\/khoury\/wp-json\/wp\/v2\/types\/product"}],"wp:featuredmedia":[{"embeddable":true,"href":"https:\/\/www.blockkhoury.com\/khoury\/wp-json\/wp\/v2\/media\/6904"}],"wp:attachment":[{"href":"https:\/\/www.blockkhoury.com\/khoury\/wp-json\/wp\/v2\/media?parent=6906"}],"wp:term":[{"taxonomy":"product_cat","embeddable":true,"href":"https:\/\/www.blockkhoury.com\/khoury\/wp-json\/wp\/v2\/product_cat?post=6906"},{"taxonomy":"product_tag","embeddable":true,"href":"https:\/\/www.blockkhoury.com\/khoury\/wp-json\/wp\/v2\/product_tag?post=6906"}],"curies":[{"name":"wp","href":"https:\/\/api.w.org\/{rel}","templated":true}]}}